ousands digit of 13781061?
1
What is the tens digit of 969424240?
4
What is the hundred thousands digit of 1288181227?
1
What is the tens digit of 95283844?
4
What is the thousands digit of 1616636339?
6
What is the ten millions digit of 238785797?
3
What is the thousands digit of 6934498?
4
What is the hundred thousands digit of 275194242?
1
What is the hundreds digit of 164368064?
0
What is the hundreds digit of 3751871?
8
What is the thousands digit of 209511260?
1
What is the ten millions digit of 1526694561?
2
What is the ten thousands digit of 278649763?
4
What is the tens digit of 1564261880?
8
What is the tens digit of 92413414?
1
What is the millions digit of 49046881?
9
What is the units digit of 75467324?
4
What is the units digit of 197696028?
8
What is the millions digit of 24903629?
4
What is the hundred thousands digit of 362466656?
4
What is the thousands digit of 66452662?
2
What is the thousands digit of 5998067955?
7
What is the hundreds digit of 69908?
9
What is the units digit of 11603326?
6
What is the thousands digit of 98246108?
6
What is the hundred thousands digit of 306665297?
6
What is the hundreds digit of 1960965530?
5
What is the ten thousands digit of 1579721206?
2
What is the millions digit of 871555065?
1
What is the hundred thousands digit of 108784970?
7
What is the hundred millions digit of 598146943?
5
What is the ten thousands digit of 80480495?
8
What is the hundred millions digit of 4654700934?
6
What is the hundred thousands digit of 19957084?
9
What is the hundreds digit of 72558388?
3
What is the hundred thousands digit of 86534703?
5
What is the thousands digit of 155106421?
6
What is the hundred millions digit of 552095625?
5
What is the hundred thousands digit of 742504514?
5
What is the ten millions digit of 36193641?
3
What is the tens digit of 905870068?
6
What is the hundreds digit of 92796182?
1
What is the ten thousands digit of 128046268?
4
What is the tens digit of 33323426?
2
What is the thousands digit of 32117995?
7
What is the billions digit of 1193659554?
1
What is the thousands digit of 24678868?
8
What is the thousands digit of 47057875?
7
What is the ten thousands digit of 103581125?
8
What is the hundred millions digit of 1842258110?
8
What is the hundreds digit of 212712095?
0
What is the tens digit of 99365819?
1
What is the hundred thousands digit of 4917607126?
6
What is the units digit of 604390?
0
What is the millions digit of 59860421?
9
What is the units digit of 315753664?
4
What is the units digit of 22462566?
6
What is the thousands digit of 1735130251?
0
What is the units digit of 91170640?
0
What is the ten thousands digit of 446678094?
7
What is the thousands digit of 165299224?
9
What is the hundred millions digit of 3820316086?
8
What is the hundred millions digit of 117380876?
1
What is the ten millions digit of 226834709?
2
What is the hundred thousands digit of 1550816650?
8
What is the thousands digit of 312159512?
9
What is the tens digit of 162403054?
5
What is the hundred millions digit of 3835679930?
8
What is the units digit of 652212897?
7
What is the thousands digit of 313417064?
7
What is the thousands digit of 1724254982?
4
What is the hundred thousands digit of 32846526?
8
What is the hundred thousands digit of 122941458?
9
What is the hundred millions digit of 212010032?
2
What is the hundreds digit of 18597398?
3
What is the hundred thousands digit of 246466099?
4
What is the ten thousands digit of 14863385?
6
What is the tens digit of 241904305?
0
What is the hundreds digit of 1180821623?
6
What is the tens digit of 232521194?
9
What is the tens digit of 479037984?
8
What is the ten thousands digit of 9821154?
2
What is the ten thousands digit of 2113368587?
6
What is the units digit of 3577425?
5
What is the millions digit of 3453322729?
3
What is the hundred thousands digit of 64627905?
6
What is the hundreds digit of 1791730588?
5
What is the hundred millions digit of 224463125?
2
What is the ten millions digit of 2255355746?
5
What is the thousands digit of 2442622157?
2
What is the thousands digit of 272246301?
6
What is the tens digit of 2617609632?
3
What is the ten thousands digit of 1166118516?
1
What is the units digit of 1423967084?
4
What is the units digit of 1315718790?
0
What is the millions digit of 1937615960?
7
What is the millions digit of 55987952?
5
What is the hundred millions digit of 151620713?
1
What is the billions digit of 2927668073?
2
What is the ten thousands digit of 4938850111?
5
What is the millions digit of 67492580?
7
What is the millions digit of 78002991?
8
What is the tens digit of 147472696?
9
What is the hundreds digit of 2939615236?
2
What is the hundred thousands digit of 1954732556?
7
What is the ten millions digit of 52117506?
5
What is the units digit of 2033324364?
4
What is the millions digit of 18567419?
8
What is the hundreds digit of 227164136?
1
What is the tens digit of 1154780853?
5
What is the hundred millions digit of 3748635835?
7
What is the tens digit of 820674012?
1
What is the hundred millions digit of 1982874450?
9
What is the ten thousands digit of 232872048?
7
What is the hundreds digit of 24713019?
0
What is the tens digit of 2464610435?
3
What is the hundred thousands digit of 174970703?
9
What is the thousands digit of 48176913?
6
What is the ten millions digit of 2038893960?
3
What is the hundred thousands digit of 1287032043?
0
What is the hundred millions digit of 770728975?
7
What is the hundreds digit of 4917128?
1
What is the units digit of 72284948?
8
What is the tens digit of 788756?
5
What is the hundred millions digit of 118470825?
1
What is the millions digit of 79044684?
9
What is the hundreds digit of 57749701?
7
What is the tens digit of 42014766?
6
What is the hundred millions digit of 1092338596?
0
What is the hundred thousands digit of 6681774997?
7
What is the millions digit of 41253618?
1
What is the hundred millions digit of 120227799?
1
What is the ten thousands digit of 482235983?
3
What is the hundreds digit of 298149963?
9
What is the units digit of 213948269?
9
What is the units digit of 184378158?
8
What is the hundred millions digit of 1204459560?
2
What is the ten thousands digit of 125257450?
5
What is the hundred thousands digit of 2983979447?
9
What is the thousands digit of 4656184?
6
What is the billions digit of 1041504898?
1
What is the ten millions digit of 74899034?
7
What is the hundreds digit of 177150092?
0
What is the hundred thousands digit of 330947109?
9
What is the hundred thousands digit of 105975436?
9
What is the ten thousands digit of 382453032?
5
What is the hundred millions digit of 403889365?
4
What is the hundreds digit of 14447543?
5
What is the ten thousands digit of 793872152?
7
What is the ten millions digit of 119200618?
1
What is the hundreds digit of 1034959552?
5
What is the thousands digit of 304241734?
1
What is the units digit of 172057946?
6
What is the hundreds digit of 2157809698?
6
What is the hundreds digit of 120151513?
5
What is the hundred thousands digit of 22442614?
4
What is the tens digit of 1360435209?
0
What is the tens digit of 731784097?
9
What is the units digit of 447055037?
7
What is the ten thousands digit of 168417526?
1
What is the hundred thousands digit of 309306628?
3
What is the billions digit of 1064290553?
1
What is the millions digit of 971879232?
1
What is the hundred thousands digit of 893610769?
6
What is the ten millions digit of 33961629?
3
What is the thousands digit of 21891245?
1
What is the tens digit of 1687506721?
2
What is the millions digit of 620433424?
0
What is the tens digit of 16103821?
2
What is the tens digit of 72289457?
5
What is the millions digit of 176862964?
6
What is the millions digit of 307272087?
7
What is the units digit of 30277938?
8
What is the units digit of 41739901?
1
What is the hundreds digit of 2924136407?
4
What is the ten millions digit of 97614978?
9
What is the tens digit of 2154149940?
4
What is the hundreds digit of 169038474?
4
What is the hundred millions digit of 979576931?
9
What is the hundreds digit of 270282762?
7
What is the tens digit of 118695464?
6
What is the tens digit of 888695152?
5
What is the ten thousands digit of 1558376773